{"id":247,"date":"2024-11-06T18:33:30","date_gmt":"2024-11-06T17:33:30","guid":{"rendered":"https:\/\/nauczyciele.fuw.edu.pl\/?page_id=247"},"modified":"2025-02-11T20:03:40","modified_gmt":"2025-02-11T19:03:40","slug":"aktualnosci","status":"publish","type":"page","link":"https:\/\/nauczyciele.fuw.edu.pl\/?page_id=247","title":{"rendered":"Aktualno\u015bci"},"content":{"rendered":"\n<h4 class=\"wp-block-heading\">Dost\u0119p online do seminari\u00f3w<\/h4>\n\n\n\n<p>Szanowni Pa\u0144stwo,<br>Dost\u0119p online do seminari\u00f3w to dost\u0119p do nagra\u0144. <br>Ka\u017cda prelekcja jest rejestrowana. Link do nagra\u0144 b\u0119dzie rozsy\u0142any mailowo do os\u00f3b zarejestrowanych na seminarium.<br>Nagrania b\u0119d\u0105 wysy\u0142ane po oko\u0142o dw\u00f3ch tygodniach od wydarzenia.<br><br><\/p>\n","protected":false},"excerpt":{"rendered":"<p>Dost\u0119p online do seminari\u00f3w Szanowni Pa\u0144stwo,Dost\u0119p online do seminari\u00f3w to dost\u0119p do nagra\u0144. Ka\u017cda prelekcja jest rejestrowana. Link do nagra\u0144 b\u0119dzie rozsy\u0142any mailowo do os\u00f3b zarejestrowanych na seminarium.Nagrania b\u0119d\u0105 wysy\u0142ane po oko\u0142o dw\u00f3ch tygodniach od wydarzenia.<\/p>\n","protected":false},"author":1,"featured_media":0,"parent":0,"menu_order":0,"comment_status":"closed","ping_status":"closed","template":"","meta":{"footnotes":""},"class_list":["post-247","page","type-page","status-publish","hentry"],"_links":{"self":[{"href":"https:\/\/nauczyciele.fuw.edu.pl\/index.php?rest_route=\/wp\/v2\/pages\/247","targetHints":{"allow":["GET"]}}],"collection":[{"href":"https:\/\/nauczyciele.fuw.edu.pl\/index.php?rest_route=\/wp\/v2\/pages"}],"about":[{"href":"https:\/\/nauczyciele.fuw.edu.pl\/index.php?rest_route=\/wp\/v2\/types\/page"}],"author":[{"embeddable":true,"href":"https:\/\/nauczyciele.fuw.edu.pl\/index.php?rest_route=\/wp\/v2\/users\/1"}],"replies":[{"embeddable":true,"href":"https:\/\/nauczyciele.fuw.edu.pl\/index.php?rest_route=%2Fwp%2Fv2%2Fcomments&post=247"}],"version-history":[{"count":5,"href":"https:\/\/nauczyciele.fuw.edu.pl\/index.php?rest_route=\/wp\/v2\/pages\/247\/revisions"}],"predecessor-version":[{"id":305,"href":"https:\/\/nauczyciele.fuw.edu.pl\/index.php?rest_route=\/wp\/v2\/pages\/247\/revisions\/305"}],"wp:attachment":[{"href":"https:\/\/nauczyciele.fuw.edu.pl\/index.php?rest_route=%2Fwp%2Fv2%2Fmedia&parent=247"}],"curies":[{"name":"wp","href":"https:\/\/api.w.org\/{rel}","templated":true}]}}