{"id":369,"date":"2025-09-22T13:02:40","date_gmt":"2025-09-22T11:02:40","guid":{"rendered":"https:\/\/nauczyciele.fuw.edu.pl\/?page_id=369"},"modified":"2025-11-04T12:34:09","modified_gmt":"2025-11-04T11:34:09","slug":"wydarzenia","status":"publish","type":"page","link":"https:\/\/nauczyciele.fuw.edu.pl\/?page_id=369","title":{"rendered":"Wydarzenia"},"content":{"rendered":"\n<p>Zbli\u017caj\u0105ce si\u0119 wydarzenia dla nauczycieli:<\/p>\n\n\n\n<p><\/p>\n\n\n\n<p><strong>II Warszawska Konferencja Nauczycieli: Jak uczy\u0107 biofizyki?<\/strong><br>22 listopada 2025 r., Wydzia\u0142 Fizyki Uniwersytetu Warszawskiego.<\/p>\n\n\n\n<p>II Warszawska Konferencja Nauczycieli: Jak uczy\u0107 biofizyki? to wydarzenie, podczas kt\u00f3rego:<br>&#8211; macie okazj\u0119 spotka\u0107 czo\u0142owego polskiego otolaryngologa, audiologa i foniatr\u0119, prof. dr hab. n. med. Henryka Skar\u017cy\u0144skiego,<br>&#8211; wys\u0142ucha\u0107 kr\u00f3tkich i inspiruj\u0105cych prelekcji o aktualnie prowadzonych w Polsce badaniach z zakresu biofizyki i fizyki medycznej,<br>&#8211; sp\u0119dzi\u0107 a\u017c p\u00f3\u0142 dnia na inspiruj\u0105cych warsztatach metodycznych.<br><br>A to wszystko w fantastycznym towarzystwie innych nauczycieli, entuzjast\u00f3w nowoczesnej edukacji!<\/p>\n\n\n\n<div class=\"wp-block-buttons is-content-justification-center is-layout-flex wp-container-core-buttons-is-layout-a89b3969 wp-block-buttons-is-layout-flex\">\n<div class=\"wp-block-button is-style-outline is-style-outline--1\"><a class=\"wp-block-button__link wp-element-button\" href=\"https:\/\/wakonf2025.ptf.net.pl\/\" target=\"_blank\" rel=\"noreferrer noopener\">Wi\u0119cej informacji na stronie konferencji<\/a><\/div>\n<\/div>\n\n\n\n<p><\/p>\n","protected":false},"excerpt":{"rendered":"<p>Zbli\u017caj\u0105ce si\u0119 wydarzenia dla nauczycieli: II Warszawska Konferencja Nauczycieli: Jak uczy\u0107 biofizyki?22 listopada 2025 r., Wydzia\u0142 Fizyki Uniwersytetu Warszawskiego. II Warszawska Konferencja Nauczycieli: Jak uczy\u0107 biofizyki? to wydarzenie, podczas kt\u00f3rego:&#8211; macie okazj\u0119 spotka\u0107 czo\u0142owego polskiego otolaryngologa, audiologa i foniatr\u0119, prof. dr hab. n. med. Henryka Skar\u017cy\u0144skiego,&#8211; wys\u0142ucha\u0107 kr\u00f3tkich i inspiruj\u0105cych prelekcji o aktualnie prowadzonych w [&hellip;]<\/p>\n","protected":false},"author":1,"featured_media":0,"parent":0,"menu_order":0,"comment_status":"closed","ping_status":"closed","template":"","meta":{"footnotes":""},"class_list":["post-369","page","type-page","status-publish","hentry"],"_links":{"self":[{"href":"https:\/\/nauczyciele.fuw.edu.pl\/index.php?rest_route=\/wp\/v2\/pages\/369","targetHints":{"allow":["GET"]}}],"collection":[{"href":"https:\/\/nauczyciele.fuw.edu.pl\/index.php?rest_route=\/wp\/v2\/pages"}],"about":[{"href":"https:\/\/nauczyciele.fuw.edu.pl\/index.php?rest_route=\/wp\/v2\/types\/page"}],"author":[{"embeddable":true,"href":"https:\/\/nauczyciele.fuw.edu.pl\/index.php?rest_route=\/wp\/v2\/users\/1"}],"replies":[{"embeddable":true,"href":"https:\/\/nauczyciele.fuw.edu.pl\/index.php?rest_route=%2Fwp%2Fv2%2Fcomments&post=369"}],"version-history":[{"count":8,"href":"https:\/\/nauczyciele.fuw.edu.pl\/index.php?rest_route=\/wp\/v2\/pages\/369\/revisions"}],"predecessor-version":[{"id":398,"href":"https:\/\/nauczyciele.fuw.edu.pl\/index.php?rest_route=\/wp\/v2\/pages\/369\/revisions\/398"}],"wp:attachment":[{"href":"https:\/\/nauczyciele.fuw.edu.pl\/index.php?rest_route=%2Fwp%2Fv2%2Fmedia&parent=369"}],"curies":[{"name":"wp","href":"https:\/\/api.w.org\/{rel}","templated":true}]}}